 greatest common divisor of 46934 and 62?
62
What is the greatest common factor of 671 and 52019?
11
What is the highest common factor of 649424 and 592?
592
What is the greatest common factor of 6094 and 31592?
22
What is the greatest common divisor of 1596 and 4144?
28
Calculate the highest common factor of 310407 and 7736.
967
What is the highest common factor of 748 and 3212?
44
What is the greatest common divisor of 262335 and 135?
15
Calculate the greatest common factor of 10185 and 875.
35
Calculate the greatest common factor of 936 and 16432.
104
What is the highest common factor of 34510 and 48195?
595
What is the greatest common divisor of 784 and 191786?
98
What is the highest common factor of 192 and 374856?
24
Calculate the greatest common divisor of 162 and 290898.
54
Calculate the highest common divisor of 1260024 and 48.
24
What is the highest common divisor of 55357 and 3934?
281
What is the highest common factor of 294 and 50862?
294
Calculate the highest common factor of 11 and 144023.
11
Calculate the greatest common factor of 1340 and 47905.
335
Calculate the greatest common divisor of 47998 and 824.
206
Calculate the greatest common divisor of 140062 and 10.
2
What is the greatest common divisor of 11432 and 56?
8
What is the greatest common divisor of 1350 and 53460?
270
Calculate the highest common divisor of 2513230 and 10.
10
What is the highest common divisor of 241365 and 120?
15
What is the highest common factor of 5064 and 1044?
12
What is the greatest common divisor of 1648 and 523240?
824
Calculate the greatest common divisor of 49500 and 72.
36
Calculate the greatest common factor of 552 and 28520.
184
Calculate the greatest common divisor of 973 and 49.
7
Calculate the greatest common divisor of 4238947 and 3505.
701
Calculate the greatest common divisor of 925 and 21423.
37
What is the highest common divisor of 3872 and 29062?
22
Calculate the highest common divisor of 2550 and 663.
51
What is the greatest common factor of 2054 and 79105?
13
What is the greatest common divisor of 651420 and 105?
105
Calculate the greatest common divisor of 22 and 39344492.
22
What is the highest common factor of 472 and 3216?
8
Calculate the greatest common divisor of 1161577 and 131.
131
What is the highest common factor of 11862 and 18?
18
Calculate the highest common divisor of 4980 and 61620.
60
Calculate the highest common factor of 43751 and 201.
67
Calculate the greatest common factor of 482229 and 495.
99
What is the highest common divisor of 16 and 117376?
16
What is the highest common factor of 55385 and 5643?
209
Calculate the highest common divisor of 10 and 185.
5
What is the greatest common divisor of 342 and 14193?
171
Calculate the greatest common divisor of 7 and 8571563.
7
Calculate the greatest common factor of 1662072 and 552.
552
Calculate the greatest common divisor of 125 and 98225.
25
What is the highest common divisor of 37308 and 12?
12
What is the highest common factor of 258833 and 147559?
2419
What is the highest common factor of 26 and 37531?
13
Calculate the highest common divisor of 55503 and 504.
63
What is the highest common factor of 11 and 8349?
11
Calculate the highest common divisor of 5237301 and 159.
159
What is the highest common divisor of 8470 and 16335?
605
What is the greatest common divisor of 9996 and 14484?
204
Calculate the highest common divisor of 198 and 102267.
99
Calculate the highest common divisor of 39208 and 177112.
1352
Calculate the highest common divisor of 284 and 753097.
71
Calculate the highest common divisor of 3234 and 13167.
231
Calculate the greatest common divisor of 9707 and 14569.
17
What is the greatest common factor of 15 and 6795?
15
Calculate the greatest common factor of 162 and 20574.
162
What is the highest common divisor of 336 and 1296?
48
Calculate the greatest common divisor of 1331748 and 117.
9
Calculate the highest common factor of 12737 and 9485.
271
What is the greatest common divisor of 27 and 406023?
3
Calculate the greatest common divisor of 243 and 1701.
243
What is the greatest common factor of 194376 and 1560?
312
What is the greatest common divisor of 961 and 8?
1
What is the greatest common factor of 1490 and 1720?
10
What is the greatest common factor of 5317 and 832?
13
Calculate the greatest common factor of 473628 and 696.
348
What is the greatest common divisor of 494770 and 10?
10
Calculate the greatest common factor of 303720 and 120.
120
What is the highest common factor of 1135 and 7037?
227
What is the greatest common divisor of 15437 and 774?
43
Calculate the greatest common divisor of 210 and 14430.
30
What is the greatest common divisor of 2649 and 60044?
883
Calculate the greatest common divisor of 322 and 206808.
14
Calculate the greatest common factor of 103211 and 58.
29
What is the highest common divisor of 24860 and 440?
220
What is the highest common divisor of 198 and 202532?
22
Calculate the greatest common factor of 10962 and 14.
14
Calculate the greatest common divisor of 25 and 99175.
25
What is the greatest common factor of 732 and 53376?
12
Calculate the highest common divisor of 358 and 3447361.
179
Calculate the greatest common factor of 5136 and 51146.
214
What is the greatest common factor of 440 and 340420?
20
Calculate the highest common factor of 674782 and 61.
61
Calculate the highest common divisor of 112 and 16896.
16
What is the greatest common factor of 6474 and 32097?
39
Calculate the greatest common factor of 16892 and 4532.
412
What is the highest common factor of 22017 and 8592?
537
Calculate the greatest common factor of 54587 and 833.
17
What is the highest common factor of 513 and 13554?
27
Calculate the greatest common factor of 4202204 and 358.
358
Calculate the greatest common factor of 137139 and 306.
51
Calculate the highest common factor of 646 and 238.
34
What is the highest common factor of 350 and 126?
14
What is the highest common factor of 7890 and 1380?
30
Calculate the greatest common factor of 84 and 641412.
12
What is the greatest common divisor of 1360 and 2400?
80
Calculate the greatest common divisor of 247 and 7189.
13
Calculate the highest common factor of 449480 and 88.
8
Calculate the highest common divisor of 2641 and 13344.
139
What is the highest common factor of 4 and 89506?
2
Calculate the greatest common factor of 10660 and 15730.
130
What is the greatest common factor of 250 and 4600?
50
Calculate the greatest common factor of 150 and 798350.
50
What is the highest common factor of 99 and 43137?
9
What is the greatest common factor of 65163 and 6099?
321
What is the greatest common divisor of 121880 and 140?
20
What is the highest common divisor of 28 and 731332?
28
What is the highest common divisor of 992 and 80042?
62
What is the highest common factor of 1084858 and 1878?
626
What is the greatest common divisor of 174069 and 162?
81
What is the highest common factor of 100573 and 10373?
451
Calculate the highest common divisor of 968 and 232.
8
Calculate the greatest common factor of 979 and 57583.
89
What is the highest common divisor of 1428 and 34289?
17
Calculate the greatest common factor of 88 and 540782.
22
Calculate the highest common factor of 55387 and 5139.
571
What is the highest common divisor of 5 and 101895?
5
What is the highest common divisor of 105 and 224460?
15
Calculate the greatest common divisor of 33 and 1331.
11
What is the greatest common divisor of 4965 and 19515?
15
What is the highest common factor of 254835 and 195?
15
What is the highest common divisor of 65 and 3521765?
65
Calculate the highest common factor of 44099 and 836.
209
Calculate the greatest common divisor of 135 and 762.
3
What is the greatest common factor of 106114 and 136?
34
What is the highest common divisor of 13031 and 1256?
157
What is the highest common divisor of 66 and 125587?
11
What is the highest common divisor of 1988 and 55167?
497
What is the greatest common factor of 24308 and 67568?
412
Calculate the greatest common factor of 2536 and 12912.
8
Calculate the highest common factor of 10802 and 2090.
22
What is the highest common factor of 194700 and 40?
20
What is the greatest common factor of 44 and 469018?
22
Calculate the highest common d